{"id":398,"date":"2013-11-21T15:42:22","date_gmt":"2013-11-21T17:42:22","guid":{"rendered":"https:\/\/sebraepr.com.br\/soucuritiba\/?page_id=398"},"modified":"2025-04-23T11:10:16","modified_gmt":"2025-04-23T14:10:16","slug":"onde-comprar","status":"publish","type":"page","link":"https:\/\/sebraepr.com.br\/soucuritiba\/onde-comprar\/","title":{"rendered":"Onde Comprar"},"content":{"rendered":"<section  class='av_textblock_section av-lf8mf9ya-345acd8df9f519c6eba0a041d65c2b95'  itemscope=\"itemscope\" itemtype=\"https:\/\/schema.org\/CreativeWork\" ><div class='avia_textblock'  itemprop=\"text\" ><p>Quer encontrar o Ponto de Venda <strong>SouCuritiba<\/strong> mais pr\u00f3ximo de voc\u00ea?<br \/>\nClique na imagem abaixo, abra o mapa e localize.<\/p>\n<\/div><\/section>\n<section  class='av_textblock_section av-lf8mfzkz-4c1da4da88fee98be34a5a04eef0f0e1'  itemscope=\"itemscope\" itemtype=\"https:\/\/schema.org\/CreativeWork\" ><div class='avia_textblock'  itemprop=\"text\" ><p><iframe loading=\"lazy\" src=\"https:\/\/www.google.com\/maps\/d\/embed?mid=1Qqe3NVym54NpiYuapvB3Un42CXa574o&#038;ehbc=2E312F\" width=\"900\" height=\"500\"><\/iframe><\/p>\n<\/div><\/section>\n<section  class='av_textblock_section av-lf8midjj-0414007333d133f3cbef8f3ce0fd57ef'  itemscope=\"itemscope\" itemtype=\"https:\/\/schema.org\/CreativeWork\" ><div class='avia_textblock'  itemprop=\"text\" ><p>Para venda Online e em eventos, acesse: <a href=\"http:\/\/www.curitibanabagagem.com.br\" target=\"_blank\" rel=\"noopener\">www.curitibanabagagem.com.br<\/a><\/p>\n<\/div><\/section>\n<div  class='hr av-gxhny-3f9f991275a8934ab8a910a3d411fe43 hr-default  avia-builder-el-3  el_after_av_textblock  el_before_av_textblock '><span class='hr-inner '><span class=\"hr-inner-style\"><\/span><\/span><\/div>\n<section  class='av_textblock_section av-lgc7pxsi-4559bf10ffbb1d0c93913c51410e0762'  itemscope=\"itemscope\" itemtype=\"https:\/\/schema.org\/CreativeWork\" ><div class='avia_textblock'  itemprop=\"text\" ><p><strong>Loja Torre Panor\u00e2mica das Merc\u00eas<\/strong><br \/>\nRua Prof. Lycio Grein Castro Velozzo, 191, Merc\u00eas<br \/>\nAberta de ter\u00e7a a domingo das 10h \u00e0s 17h.<\/p>\n<p><strong>Loja Mercado Municipal<\/strong><br \/>\nAv. Sete de Setembro, 1865, Centro<br \/>\nAberta de ter\u00e7a a s\u00e1bado das 9h \u00e0s 18h. Domingos das 09h \u00e0s 13h. N\u00e3o abre \u00e0s segundas-feiras.<\/p>\n<p><strong>Loja Jardim Bot\u00e2nico<\/strong><br \/>\nR. Eng\u00ba. Ostoja Roguski &#8211; Jardim Bot\u00e2nico<br \/>\nAberta diariamente das 09h \u00e0s 18h.<\/p>\n<p><strong>Loja Memorial Paranista<\/strong><br \/>\nRua Mateus Leme, 4700, S\u00e3o Louren\u00e7o (Parque S\u00e3o Louren\u00e7o)<br \/>\nAberta de ter\u00e7a a domingo das 10h \u00e0s 18h.<\/p>\n<p><strong>Loja Shopping Esta\u00e7\u00e3o<\/strong><br \/>\nAv. Sete de Setembro, 2775 &#8211; Rebou\u00e7as<br \/>\nAberta de ter\u00e7a a s\u00e1bado das 10h \u00e0s 18h. Domingo e feriados das 12h \u00e0s 19h.<\/p>\n<p><strong>Loja Palacete Wolf<\/strong><br \/>\nPra\u00e7a Garibaldi, 7, Centro Hist\u00f3rico.<br \/>\nAberta aos domingos das 09h \u00e0s 14h.<\/p>\n<p><strong>Loja Espa\u00e7o Cultural David Carneiro<\/strong><br \/>\nRua Brigadeiro Franco (em frente ao n\u00famero 1.845), quase na esquina com a Comendador Ara\u00fajo, no Centro.<\/p>\n<p><strong>Loja Miranda\u2019s Mercearia<\/strong><br \/>\nMercado Municipal de Curitiba, Av. Sete de Setembro, 1865<br \/>\nter\u00e7a a Domingo das 7h \u00e0s 18h.<\/p>\n<p><strong>Loja Munn\u00e1<\/strong><br \/>\nRua Jo\u00e3o Gava, 970.<\/p>\n<\/div><\/section>\n<div  class='hr av-a608e-3e8862947fcdc102871745c696876bd0 hr-default  avia-builder-el-5  el_after_av_textblock  el_before_av_textblock '><span class='hr-inner '><span class=\"hr-inner-style\"><\/span><\/span><\/div>\n<section  class='av_textblock_section av-lgc7pr8u-40657953841194e50655422c4e2ada2a'  itemscope=\"itemscope\" itemtype=\"https:\/\/schema.org\/CreativeWork\" ><div class='avia_textblock'  itemprop=\"text\" ><p>Cada Ponto de Venda possui um mix pr\u00f3prio de produtos, por isso, alguns produtos podem n\u00e3o estar dispon\u00edveis em todos os pontos de venda. Consulte o ponto de venda em caso de d\u00favida!<\/p>\n<\/div><\/section>\n","protected":false},"excerpt":{"rendered":"","protected":false},"author":10,"featured_media":5096,"parent":0,"menu_order":4,"comment_status":"closed","ping_status":"closed","template":"","meta":[],"_links":{"self":[{"href":"https:\/\/sebraepr.com.br\/soucuritiba\/wp-json\/wp\/v2\/pages\/398"}],"collection":[{"href":"https:\/\/sebraepr.com.br\/soucuritiba\/wp-json\/wp\/v2\/pages"}],"about":[{"href":"https:\/\/sebraepr.com.br\/soucuritiba\/wp-json\/wp\/v2\/types\/page"}],"author":[{"embeddable":true,"href":"https:\/\/sebraepr.com.br\/soucuritiba\/wp-json\/wp\/v2\/users\/10"}],"replies":[{"embeddable":true,"href":"https:\/\/sebraepr.com.br\/soucuritiba\/wp-json\/wp\/v2\/comments?post=398"}],"version-history":[{"count":70,"href":"https:\/\/sebraepr.com.br\/soucuritiba\/wp-json\/wp\/v2\/pages\/398\/revisions"}],"predecessor-version":[{"id":5094,"href":"https:\/\/sebraepr.com.br\/soucuritiba\/wp-json\/wp\/v2\/pages\/398\/revisions\/5094"}],"wp:featuredmedia":[{"embeddable":true,"href":"https:\/\/sebraepr.com.br\/soucuritiba\/wp-json\/wp\/v2\/media\/5096"}],"wp:attachment":[{"href":"https:\/\/sebraepr.com.br\/soucuritiba\/wp-json\/wp\/v2\/media?parent=398"}],"curies":[{"name":"wp","href":"https:\/\/api.w.org\/{rel}","templated":true}]}}

<section  class='av_textblock_section av-lf8mf9ya-345acd8df9f519c6eba0a041d65c2b95'  itemscope="itemscope" itemtype="https://schema.org/CreativeWork" ><div class='avia_textblock'  itemprop="text" ><p>Quer encontrar o Ponto de Venda <strong>SouCuritiba</strong> mais próximo de você?<br />
Clique na imagem abaixo, abra o mapa e localize.</p>
</div></section>
<section  class='av_textblock_section av-lf8mfzkz-4c1da4da88fee98be34a5a04eef0f0e1'  itemscope="itemscope" itemtype="https://schema.org/CreativeWork" ><div class='avia_textblock'  itemprop="text" ><p><iframe loading="lazy" src="https://www.google.com/maps/d/embed?mid=1Qqe3NVym54NpiYuapvB3Un42CXa574o&#038;ehbc=2E312F" width="900" height="500"></iframe></p>
</div></section>
<section  class='av_textblock_section av-lf8midjj-0414007333d133f3cbef8f3ce0fd57ef'  itemscope="itemscope" itemtype="https://schema.org/CreativeWork" ><div class='avia_textblock'  itemprop="text" ><p>Para venda Online e em eventos, acesse: <a href="http://www.curitibanabagagem.com.br" target="_blank" rel="noopener">www.curitibanabagagem.com.br</a></p>
</div></section>
<div  class='hr av-gxhny-3f9f991275a8934ab8a910a3d411fe43 hr-default  avia-builder-el-3  el_after_av_textblock  el_before_av_textblock '><span class='hr-inner '><span class="hr-inner-style"></span></span></div>
<section  class='av_textblock_section av-lgc7pxsi-4559bf10ffbb1d0c93913c51410e0762'  itemscope="itemscope" itemtype="https://schema.org/CreativeWork" ><div class='avia_textblock'  itemprop="text" ><p><strong>Loja Torre Panorâmica das Mercês</strong><br />
Rua Prof. Lycio Grein Castro Velozzo, 191, Mercês<br />
Aberta de terça a domingo das 10h às 17h.</p>
<p><strong>Loja Mercado Municipal</strong><br />
Av. Sete de Setembro, 1865, Centro<br />
Aberta de terça a sábado das 9h às 18h. Domingos das 09h às 13h. Não abre às segundas-feiras.</p>
<p><strong>Loja Jardim Botânico</strong><br />
R. Engº. Ostoja Roguski &#8211; Jardim Botânico<br />
Aberta diariamente das 09h às 18h.</p>
<p><strong>Loja Memorial Paranista</strong><br />
Rua Mateus Leme, 4700, São Lourenço (Parque São Lourenço)<br />
Aberta de terça a domingo das 10h às 18h.</p>
<p><strong>Loja Shopping Estação</strong><br />
Av. Sete de Setembro, 2775 &#8211; Rebouças<br />
Aberta de terça a sábado das 10h às 18h. Domingo e feriados das 12h às 19h.</p>
<p><strong>Loja Palacete Wolf</strong><br />
Praça Garibaldi, 7, Centro Histórico.<br />
Aberta aos domingos das 09h às 14h.</p>
<p><strong>Loja Espaço Cultural David Carneiro</strong><br />
Rua Brigadeiro Franco (em frente ao número 1.845), quase na esquina com a Comendador Araújo, no Centro.</p>
<p><strong>Loja Miranda’s Mercearia</strong><br />
Mercado Municipal de Curitiba, Av. Sete de Setembro, 1865<br />
terça a Domingo das 7h às 18h.</p>
<p><strong>Loja Munná</strong><br />
Rua João Gava, 970.</p>
</div></section>
<div  class='hr av-a608e-3e8862947fcdc102871745c696876bd0 hr-default  avia-builder-el-5  el_after_av_textblock  el_before_av_textblock '><span class='hr-inner '><span class="hr-inner-style"></span></span></div>
<section  class='av_textblock_section av-lgc7pr8u-40657953841194e50655422c4e2ada2a'  itemscope="itemscope" itemtype="https://schema.org/CreativeWork" ><div class='avia_textblock'  itemprop="text" ><p>Cada Ponto de Venda possui um mix próprio de produtos, por isso, alguns produtos podem não estar disponíveis em todos os pontos de venda. Consulte o ponto de venda em caso de dúvida!</p>
</div></section>
